{"id":990,"date":"2016-11-11T22:49:00","date_gmt":"2016-11-11T20:49:00","guid":{"rendered":"http:\/\/collectif-oxygene.fr\/?page_id=990"},"modified":"2016-11-11T22:49:00","modified_gmt":"2016-11-11T20:49:00","slug":"manifeste-du-collectif-appel-du-11-juin","status":"publish","type":"page","link":"https:\/\/collectif-oxygene.fr\/?page_id=990","title":{"rendered":"Manifeste du collectif (appel du 11 juin)"},"content":{"rendered":"<p>Dans le triangle de Gonesse (\u00cele de France), \u00e0 Saint-Jean de Braye, pr\u00e8s d&rsquo;Orl\u00e9ans, \u00e0 Saint-Cl\u00e9ment de Rivi\u00e8re pr\u00e8s de Montpellier, \u00e0 Fleury-sur-Orne, dans le p\u00e9riph\u00e9rie de Caen, des citoyens d\u00e9noncent les atteintes sociales, \u00e9conomiques et environnementales que d&rsquo;immenses centres commerciaux et r\u00e9cr\u00e9atifs font subir au territoire partout en France. Ces projets d\u00e9sastreux sont favoris\u00e9s par la loi\u00a0LME,\u00a0qui \u00a0rel\u00e8ve de 300 \u00e0 1000 m<sup>2<\/sup> le seuil au- del\u00e0 duquel une autorisation administrative est n\u00e9cessaire pour ouvrir ou agrandir de nouvelles surfaces de vente,\u00a0et par la loi Pinel qui exclut les recours des associations environnementales.La position dominante de la grande distribution cr\u00e9e la surabondance d\u2019une offre commerciale<a title=\"\" href=\"https:\/\/blogs.mediapart.fr\/dornier-vayssette\/blog\/190516\/des-terres-pas-dhypers#_ftn1\">[1]<\/a> de qualit\u00e9 g\u00e9n\u00e9ralement m\u00e9diocre, qui p\u00e8se sur les revenus des producteurs et entra\u00eene faillites, fermetures, d\u00e9veloppement de friches commerciales. Le commerce de proximit\u00e9, le commerce ind\u00e9pendant non franchis\u00e9, la vitalit\u00e9 des centres villes sont \u00a0partout\u00a0 menac\u00e9s.<\/p>\n<p>Situ\u00e9s en p\u00e9riph\u00e9rie des villes ou sur le littoral, ces projets commerciaux entra\u00eenent une artificialisation galopante et irr\u00e9versible d\u2019espaces naturels ou \u00e0 fort potentiel agronomique. Cet impact d\u00e9vastateur participe \u00e0 la perte de la biodiversit\u00e9, de la qualit\u00e9 des paysages et diminue fortement le foncier mobilisable pour des projets agricoles et alimentaires diversifi\u00e9s adapt\u00e9s aux besoins\u00a0des citoyens.<\/p>\n<p>Ces commerces ciblent une client\u00e8le motoris\u00e9e sur de vastes zones de chalandise, ce qui n\u00e9cessite l\u2019am\u00e9nagement de nouveaux acc\u00e8s routiers et d\u2019immenses parkings. Ils contribuent \u00e0 l\u2019augmentation des \u00e9missions de C0<sup>2<\/sup>, en contradiction avec les engagements pris lors la COP 21.<\/p>\n<p>Investisseurs et \u00e9lus justifient ces projets par la promesse de cr\u00e9ations d\u2019emplois, \u00e0 grand renfort de chiffres fluctuants, selon des modes de calcul contestables. Or les emplois d\u00e9truits par la disparition des concurrents et par les \u00e9conomies d\u2019\u00e9chelle propres \u00e0 un mod\u00e8le qui pratique le dumping social depuis la production jusqu\u2019\u00e0 la vente en passant par le transport, ne sont jamais comptabilis\u00e9s.<\/p>\n<p>Les investisseurs font valoir des retomb\u00e9es fiscales pour des collectivit\u00e9s soumises aux\u00a0 restrictions budg\u00e9taires. Celles-ci sont incit\u00e9es, pour augmenter leurs ressources, \u00e0 favoriser la cr\u00e9ation ou l\u2019extension de surfaces commerciales. Or ces collectivit\u00e9s participent aux am\u00e9nagements, transports en commun et infrastructures routi\u00e8res n\u00e9cessaires \u00e0 ces implantations. Elles doivent aussi prendre \u00e0 leur charge la r\u00e9habilitation de friches qui d\u00e9figurent le paysage.<\/p>\n<p>Nombre d\u2019investisseurs, au plan national, organisent des circuits complexes drainant les profits ainsi r\u00e9alis\u00e9s vers des places permettant d\u2019\u00e9chapper \u00e0 la fiscalit\u00e9 des pays dans lesquels ils vendent leurs marchandises. Les \u00e9go\u00efsmes des collectivit\u00e9s territoriales viennent conforter la position des champions de l\u2019\u00e9vasion ou optimisation fiscale, souvent au m\u00e9pris des promesses vertueuses des \u00e9lus.<\/p>\n<p>On sait pourtant que la \u00a0fr\u00e9quentation des commerces de proximit\u00e9 permet de d\u00e9velopper des modes de d\u00e9placements non polluants, et m\u00e9nage la vie des centres villes. La pr\u00e9servation des terres nourrici\u00e8res \u00a0permet d\u2019assurer une production de qualit\u00e9 ainsi que la viabilit\u00e9 \u00e9conomique de nouvelles installations agricoles. Le commerce de proximit\u00e9 et une agriculture respectueuse de l\u2019environnement sont cr\u00e9ateurs d\u2019emplois durables,\u00a0 favorisent le maintien du tissu social, la sant\u00e9 des citoyens et leur s\u00e9curit\u00e9 alimentaire.<b>\u00a0<\/b><\/p>\n<p><i>Des terres, pas d\u2019hypers,<\/i>\u00a0regroupant les collectifs des territoires de Gonesse, Orl\u00e9ans, Montpellier, Caen, appelle tous ceux qui s\u2019opposent \u00e0 ces projets \u00e0 une action\u00a0 concert\u00e9e et simultan\u00e9e <b>le 11 juin 2016<\/b>. Soyons nombreux \u00e0 nous faire entendre pour exiger l\u2019abandon de ces grands projets commerciaux inutiles, co\u00fbteux, et destructeurs et faire \u00e9voluer la l\u00e9gislation qui les favorisent!<\/p>\n","protected":false},"excerpt":{"rendered":"<p>Dans le triangle de Gonesse (\u00cele de France), \u00e0 Saint-Jean de Braye, pr\u00e8s d&rsquo;Orl\u00e9ans, \u00e0 Saint-Cl\u00e9ment de Rivi\u00e8re pr\u00e8s de Montpellier, \u00e0 Fleury-sur-Orne, dans le p\u00e9riph\u00e9rie de Caen, des citoyens d\u00e9noncent les atteintes sociales, \u00e9conomiques et environnementales que d&rsquo;immenses centres commerciaux et r\u00e9cr\u00e9atifs font subir au territoire partout en France. Ces projets d\u00e9sastreux sont favoris\u00e9s [&hellip;]<\/p>\n","protected":false},"author":1,"featured_media":0,"parent":974,"menu_order":0,"comment_status":"closed","ping_status":"closed","template":"","meta":{"footnotes":""},"class_list":["post-990","page","type-page","status-publish","hentry"],"_links":{"self":[{"href":"https:\/\/collectif-oxygene.fr\/index.php?rest_route=\/wp\/v2\/pages\/990","targetHints":{"allow":["GET"]}}],"collection":[{"href":"https:\/\/collectif-oxygene.fr\/index.php?rest_route=\/wp\/v2\/pages"}],"about":[{"href":"https:\/\/collectif-oxygene.fr\/index.php?rest_route=\/wp\/v2\/types\/page"}],"author":[{"embeddable":true,"href":"https:\/\/collectif-oxygene.fr\/index.php?rest_route=\/wp\/v2\/users\/1"}],"replies":[{"embeddable":true,"href":"https:\/\/collectif-oxygene.fr\/index.php?rest_route=%2Fwp%2Fv2%2Fcomments&post=990"}],"version-history":[{"count":1,"href":"https:\/\/collectif-oxygene.fr\/index.php?rest_route=\/wp\/v2\/pages\/990\/revisions"}],"predecessor-version":[{"id":991,"href":"https:\/\/collectif-oxygene.fr\/index.php?rest_route=\/wp\/v2\/pages\/990\/revisions\/991"}],"up":[{"embeddable":true,"href":"https:\/\/collectif-oxygene.fr\/index.php?rest_route=\/wp\/v2\/pages\/974"}],"wp:attachment":[{"href":"https:\/\/collectif-oxygene.fr\/index.php?rest_route=%2Fwp%2Fv2%2Fmedia&parent=990"}],"curies":[{"name":"wp","href":"https:\/\/api.w.org\/{rel}","templated":true}]}}